9020870.
2, 5, 2111, 4217
List the prime factors of 1371667910.
2, 5, 1259, 108949
List the prime factors of 716984947.
7, 102426421
What are the prime factors of 755045717?
37, 20406641
What are the prime factors of 7546475?
5, 79, 3821
List the prime factors of 199875909.
3, 66625303
List the prime factors of 999195967.
7, 11, 2621, 4951
List the prime factors of 24764492.
2, 29, 41, 127
List the prime factors of 121652970.
2, 3, 5, 29, 139831
What are the prime factors of 1261089649?
1117, 1128997
List the prime factors of 10657536.
2, 3, 13877
List the prime factors of 244672586.
2, 61, 103, 19471
List the prime factors of 61788937.
7, 29, 53, 5743
What are the prime factors of 30826221?
3, 73, 140759
List the prime factors of 270302751.
3, 71, 15667
What are the prime factors of 270285772?
2, 67, 151, 6679
List the prime factors of 426312510.
2, 3, 5, 13, 1093109
What are the prime factors of 48686474?
2, 19, 73, 17551
List the prime factors of 1238255628.
2, 3, 103187969
What are the prime factors of 1169594159?
457, 2559287
What are the prime factors of 423771748?
2, 59, 307, 5849
What are the prime factors of 127048263?
3, 42349421
What are the prime factors of 22345055?
5, 17, 262883
What are the prime factors of 103025652?
2, 3, 173, 49627
List the prime factors of 26985373.
79, 341587
List the prime factors of 951895132.
2, 173, 1375571
What are the prime factors of 182061445?
5, 23, 67, 23629
List the prime factors of 1032470354.
2, 29, 1181, 15073
What are the prime factors of 424473406?
2, 7, 29, 571, 1831
List the prime factors of 550861671.
3, 183620557
What are the prime factors of 445961266?
2, 2647, 84239
What are the prime factors of 97931965?
5, 277, 70709
What are the prime factors of 1445827025?
5, 191, 302791
List the prime factors of 69971023.
69971023
What are the prime factors of 460641719?
19, 131, 185071
What are the prime factors of 3456595380?
2, 3, 5, 7, 17, 484117
List the prime factors of 5981496956.
2, 71, 21061609
List the prime factors of 415261393.
4691, 88523
What are the prime factors of 100612689?
3, 3271, 10253
What are the prime factors of 61793371?
1289, 47939
List the prime factors of 9338199058.
2, 16229, 287701
What are the prime factors of 13951156?
2, 23, 151643
List the prime factors of 552259032.
2, 3, 13, 1770061
List the prime factors of 510504504.
2, 3, 23, 924827
List the prime factors of 69316453.
239, 290027
List the prime factors of 41900091.
3, 103, 135599
What are the prime factors of 3041763980?
2, 5, 152088199
What are the prime factors of 1923417941?
23, 191, 437837
List the prime factors of 22801332.
2, 3, 1900111
List the prime factors of 1093205700.
2, 3, 5, 31, 37, 353
List the prime factors of 80440057.
43, 787, 2377
What are the prime factors of 91401906?
2, 3, 1033, 14747
List the prime factors of 1442479218.
2, 3, 227, 281, 3769
List the prime factors of 1687511011.
19, 88816369
What are the prime factors of 259570851?
3, 29, 2983573
What are the prime factors of 965754698?
2, 97, 1637, 3041
List the prime factors of 11738936.
2, 11, 67, 181
What are the prime factors of 162805271?
162805271
What are the prime factors of 69313724?
2, 1049, 16519
List the prime factors of 32822333.
73, 449621
List the prime factors of 3206708751.
3, 1068902917
List the prime factors of 128821049.
7, 2629001
What are the prime factors of 21519964?
2, 683, 7877
What are the prime factors of 89398131?
3, 3307, 9011
What are the prime factors of 201091827?
3, 17, 3942977
List the prime factors of 184880916.
2, 3, 11, 17, 29, 947
List the prime factors of 42317604.
2, 3, 7, 31, 5417
List the prime factors of 438592507.
523, 838609
What are the prime factors of 709516499?
31, 22887629
List the prime factors of 540890877.
3, 180296959
What are the prime factors of 67489297?
67489297
List the prime factors of 1292905.
5, 258581
List the prime factors of 203893035.
3, 5, 151, 90019
List the prime factors of 70193279.
13, 827, 6529
What are the prime factors of 263749077?
3, 101, 257, 1129
What are the prime factors of 287766663?
3, 1229, 78049
What are the prime factors of 118700615?
5, 11, 47, 977
List the prime factors of 25578769.
19, 223, 6037
List the prime factors of 12124939.
12124939
What are the prime factors of 1172101475?
5, 31, 1051, 1439
List the prime factors of 47981280.
2, 3, 5, 99961
List the prime factors of 59664318.
2, 3, 7, 487, 2917
What are the prime factors of 4925395992?
2, 3, 11, 17, 19, 59, 89
List the prime factors of 33436122.
2, 3, 5572687
List the prime factors of 5838151647.
3, 1946050549
What are the prime factors of 109818645?
3, 5, 73, 100291
What are the prime factors of 210401965?
5, 59, 713227
List the prime factors of 765296226.
2, 3, 79, 89, 6047
List the prime factors of 468214184.
2, 101, 579473
What are the prime factors of 4326509970?
2, 3, 5, 181, 223, 397
What are the prime factors of 151246809?
3, 7, 331, 7253
List the prime factors of 1373616665.
5, 31, 101, 87743
What are the prime factors of 38898598?
2, 19449299
List the prime factors of 6948600271.
20071, 346201
List the prime factors of 1267732959.
3, 17, 139, 178831
What are the prime factors of 166045357?
71, 2338667
List the prime factors of 20958588.
2, 3, 7, 9241
List the prime factors of 12941278.
2, 7, 307, 3011
What are the prime factors of 3852763977?
3, 199, 6453541
List the prime factors of 57182370.
2, 3, 5, 7, 23, 11839
What are the prime factors of 4944931963?
19, 260259577
List the prime factors of 674418055.
5, 29, 37, 125707
List the prime factors of 63975693.
3, 2063, 10337
What are the prime factors of 66374230?
2, 5, 13, 103, 4957
List the prime factors of 70840307.
43, 317, 5197
What are the prime factors of 504465792?
2, 3, 71, 18503
What are the prime factors of 15701557?
17, 29, 31849
List the prime factors of 153253758.
2, 3, 7, 3648899
List the prime factors of 665545084.
2, 166386271
What are the prime factors of 5071509787?
59, 85957793
List the prime factors of 1283644129.
677, 1896077
What are the prime factors of 1915188416?
2, 29924819
What are the prime factors of 558320930?
2, 5, 101, 552793
List the prime factors of 40480148.
2, 401, 25237
List the prime factors of 202158116.
2, 5927, 8527
List the prime factors of 522063999.
3, 17, 281, 12143
What are the prime factors of 40677340?
2, 5, 11, 23, 8039
What are the prime factors of 523390462?
2, 7, 113, 151, 313
What are the prime factors of 247645517?
7, 373, 94847
What are the prime factors of 1323605287?
317, 4175411
List the prime factors of 108198708.
2, 3, 223, 40433
What are the prime factors of 386826923?
7, 41, 192547
List the prime factors of 74028755.
5, 131, 113021
List the prime factors of 356539528.
2, 44567441
What are the prime factors of 751275350?
2, 5, 7, 306643
List the prime factors of 126354597.
3, 43, 53, 18481
What are the prime factors of 43901914?
2, 7, 53, 59167
What are the prime factors of 27843341?
19, 1465439
List the prime factors of 657529236.
2, 3, 7, 13, 53, 541
List the prime factors of 276250120.
2, 5, 19, 103, 3529
List the prime factors of 830288180.
2, 5, 41514409
List the prime factors of 274475917.
587, 467591
List the prime factors of 31495037.
7, 139, 32369
What are the prime factors of 47803276?
2, 11950819
List the prime factors of 138728162.
2, 31, 2237551
What are the prime factors of 154265929?
10979, 14051
What are the prime factors of 3091259728?
2, 193203733
List the prime factors of 2166613160.
2, 5, 54165329
List the prime factors of 9830475123.
3, 7, 468117863
List the prime factors of 29234720.
2, 5, 89, 2053
List the prime factors of 91480987.
13, 2383, 2953
List the prime factors of 111040580.
2, 5, 7, 113, 7019
What are the prime factors of 459899869?
11, 13, 247391
What are the prime factors of 2341441932?
2, 3, 195120161
What are the prime factors of 282135687?
3, 23, 4088923
What are the prime factors of 418984682?
2, 3191, 65651
What are the prime factors of 276973737?
3, 41, 2251819
What are the prime factors of 2784993603?
3, 7, 132618743
What are the prime factors of 487919535?
3, 5, 32527969
What are the prime factors of 46760036?
2, 317, 36877
What are the prime factors of 360518267?
6337, 56891
List the prime factors of 419178242.
2, 7, 47, 1